divisor of 30 and t.
15
Suppose 122 - 46 = 4*a. Let m = -190 + 285. Calculate the highest common factor of a and m.
19
Suppose -3*q = -3*i - 141, 3*q - 5*i = -q + 184. Suppose q*k + 13 = 52*k. Calculate the highest common divisor of 26 and k.
13
Let f(i) = 2*i**3 - 13*i**2 + 15*i - 89. Let r be f(9). Let x = 103 + -62. What is the greatest common factor of r and x?
41
Suppose 5*f + 22*q = 18*q + 51126, 4*q - 40904 = -4*f. What is the greatest common factor of 38 and f?
38
Let s(q) be the second derivative of 5/2*q**2 - q - 2 + 1/3*q**3. Let b be s(11). What is the highest common divisor of b and 3?
3
Suppose 127 = -5*x + 5*j - 3*j, 0 = -3*x + 4*j - 65. Let d be 2 - (x/108)/(2/8). What is the highest common factor of 27 and d?
3
Let k be (2 - -3)*(-16)/5. Let s be (-46 - -6)*k/4. Suppose 2*u - 4*m = s, 4 = -0*m - 4*m. Calculate the highest common divisor of 26 and u.
26
Suppose 349*d - 3933 = 340*d. Calculate the highest common divisor of 920 and d.
23
Let y(i) = -i**2 - 35*i - 141. Let a be y(-6). Let k = 74 - 52. Calculate the highest common divisor of k and a.
11
Suppose -2610 = -172*c + 1518. Calculate the highest common factor of c and 78.
6
Suppose 0 = -5*l + 15, 5*y - l = 669 - 2. What is the greatest common factor of y and 1675?
67
Let m be (-18)/(-4)*(-352)/(-12). Let r(j) = j**2 - 659*j + 21852. Let t be r(35). Calculate the greatest common factor of m and t.
12
Let m = 270 + -223. Suppose -37 = -3*x + 3*n - 4, 4*x - m = 3*n. Calculate the greatest common factor of x and 294.
14
Suppose -682 - 18 = -5*r. Suppose 2*d = -2*q + r, -4*q = 3*d - 8*q - 175. Calculate the greatest common factor of d and 26.
13
Let f = -13 + 18. Let q = -313 + 625. Suppose -f*a + 383 = -p, 2*a - q = -2*a - 2*p. Calculate the greatest common factor of a and 11.
11
Let l be ((-2)/(-6))/(2/78). Suppose 3*c = 7*c - 524. Suppose 5*b - 64 = c. Calculate the greatest common factor of l and b.
13
Suppose -124*q + 12510 = -94939 - 86115. What is the highest common factor of 892 and q?
223
Suppose -2*l + l - 2*k = -28, 5*k = 25. Suppose -30*f + l*f = -264. Let s = 23 - 1. What is the highest common divisor of f and s?
22
Let j = 1791 - 1734. Suppose -5*u + z = -0*u - 3, 0 = 2*z + 6. Suppose u = 5*o - 93 - 2. Calculate the greatest common divisor of o and j.
19
Let t be (-10)/((-1100)/858) + (-4)/(3 - 23). What is the highest common factor of 7496 and t?
8
Let m be (416/48 - 8)*(-1914)/(-4). What is the greatest common divisor of m and 116?
29
Let p = 39888 + -39728. What is the greatest common factor of 1370 and p?
10
Suppose 67 = 4*a + 3*c, -41 = -3*a - 3*c + 10. Let k = -7 + a. Suppose -114 = 60*f - 750 - 984. What is the greatest common factor of f and k?
9
Let c = -4521 - -4647. Calculate the greatest common divisor of c and 196.
14
Suppose 2*n + 138 = 4*f, 2*n + 160 + 13 = 5*f. Suppose 110*c + 3 = 111*c. Let z be (-14)/c*9/(-6). Calculate the highest common factor of f and z.
7
Let w be (-117)/(-12) - ((-27)/9)/12. What is the highest common divisor of 20260 and w?
10
Suppose -13*o - 276 = -15*o. Let p = o - 129. Calculate the greatest common divisor of p and 81.
9
Let m be -8 - (76908/(-170) - (-2)/5). What is the greatest common factor of 1073 and m?
37
Let g = 1074 - 678. Calculate the highest common factor of g and 7260.
132
Let i be (16/12)/((-12)/(-63)) - 88/(-11). Let c = 621 + -336. What is the highest common factor of c and i?
15
Let q(v) be the first derivative of -3*v**2/2 + 52*v + 5. Let z be q(7). Let d = -39 - -70. What is the greatest common factor of d and z?
31
Let f(b) = -b**3 - 20*b**2 + 20*b + 14. Let y be f(-21). Let c = y + 13. Let w = 169 - 97. What is the highest common divisor of w and c?
24
Let h = 28989 - 28089. What is the greatest common divisor of h and 108?
36
Let k be (-6)/9*(-1 - (-470)/(-4)). Suppose 2*h - 32 = -i, -5*h - 23*i + k = -20*i. What is the highest common divisor of h and 136?
17
Suppose 0 = -85*q + 2755 + 2600. What is the greatest common factor of q and 651?
21
Let i(x) = x**3 - 23*x**2 + 11*x - 169. Let d be i(23). Let h be (-2)/(-15) - 4/30. Suppose 3*o - 36 + 0 = h. What is the greatest common factor of o and d?
12
Let x(a) = -2*a**3 - 27*a**2 + 15*a + 8. Let v be x(-14). Let b be ((-3)/3 + -34)/(v/18). What is the highest common divisor of b and 15?
15
Let w(s) = -2*s**2 + 13*s + 139. Let k be w(12). What is the highest common divisor of 5509 and k?
7
Let i(k) = 60*k - 63. Let t be i(6). Let h = 315 - t. What is the highest common divisor of h and 8?
2
Suppose -1934 - 13042 = -192*h. What is the highest common divisor of h and 663?
39
Let s(o) = 6*o - 12. Let z be s(2). Suppose y - c = -430, -y + 2*c = -z*y + 430. Let q = y + 826. Calculate the greatest common divisor of 44 and q.
44
Let u(x) = -95*x - 51. Let v(y) = 190*y + 102. Let s(j) = -9*u(j) - 4*v(j). Let d be s(3). What is the highest common factor of 48 and d?
48
Let z(g) = -11*g + 116. Let o be z(6). Let n(x) = 0*x**3 + 13 - 4*x + x**3 - 4*x + 14*x**2. Let j be n(-14). What is the highest common factor of j and o?
25
Suppose 0 = -2*a - 8, 2*j = 3*j + 5*a - 45. Let b = j - 43. Let y = 18 - 7. What is the greatest common divisor of y and b?
11
Let d = -530 + 1115. Let k = d + -372. Suppose -4*y + 8*y = -5*a + k, -203 = -4*y + 5*a. What is the greatest common divisor of 26 and y?
26
Let k be (-35)/7 + (-64)/(-8). What is the greatest common divisor of 339 and k?
3
Let i(z) = -z**3 + 9*z**2 - 2*z + 24. Let g be i(9). Let x(t) = -t**3 + 6*t**2 + 11. Let q be x(g). What is the greatest common divisor of 88 and q?
11
Suppose 268*r - 252*r - 397 - 6579 = 0. Let n = 669 + -124. What is the highest common factor of n and r?
109
Let w = -8208 - -8790. Calculate the greatest common divisor of w and 18.
6
Let c(u) = 1588*u - 23784. Let m be c(15). Let r(y) = 64*y**3 - 2*y + 1. Let n be r(1). Calculate the greatest common factor of m and n.
9
Let q = 52 + -30. Suppose 0 = -28*p + 35*p - 35. Suppose 4*b - a = -5*a + 56, b - q = -p*a. What is the highest common factor of 8 and b?
4
Let r(d) = -7*d**3 - 3*d**2 - 19*d - 6. Suppose 15*u = 19*u - g + 21, 5*u + 35 = 3*g. Let a be r(u). What is the greatest common factor of 10 and a?
10
Let g be 1/((-1)/(-9))*(-3)/9. Let n = g + 20. Suppose -720 = -n*u + 5*u. What is the highest common factor of 40 and u?
20
Let v = -3877 - -3962. What is the greatest common divisor of 3587 and v?
17
Let q = 235 + -257. Let j(o) = -5*o - 80. Let y be j(q). What is the highest common divisor of y and 510?
30
Let o(c) = -c**3 + 11*c**2 + 8*c - 26. Let a = -3 + 13. Let i be o(a). What is the highest common factor of 22 and i?
22
Suppose 0 = u + i + 77, -63 = u + 5*i + 34. Let s = 90 + u. Let a(v) = 127*v**3 - v**2 - v + 1. Let n be a(1). What is the greatest common factor of n and s?
18
Suppose -28 - 104 = -11*x. Suppose 5*r - 5*v + 32 = -218, 0 = -4*r + 3*v - 196. Let p = r - -142. What is the highest common divisor of p and x?
12
Let b(z) be the second derivative of z**5/20 - 4*z**4/3 - 16*z**3/3 - 12*z**2 + 40*z. Let t be b(18). What is the highest common factor of 9 and t?
3
Let c = -2745 + 3281. Calculate the highest common divisor of c and 1139.
67
Let l(u) = -u**2 - 8*u - 22. Let k be l(-3). Let n(j) = 2*j**2 - 2*j - 1. Let q be n(k). What is the greatest common factor of q and 37?
37
Let m(h) = 47*h + 4. Let g be m(4). Let n = 612 - 1204. Let d = n - -604. What is the greatest common factor of g and d?
12
Suppose c - 125 = 14*o - 13*o, 4*c - 518 = -2*o. Let u = -52 + c. Calculate the highest common divisor of u and 38.
38
Suppose -5*m - 8*m + 104 = 0. Let g be (-60)/m*2/(-3). Suppose -g*y = -10 - 110. What is the highest common factor of y and 8?
8
Let r = 645 + -109. Let h = -2997 + 3005. What is the greatest common factor of r and h?
8
Let q = 37 + -46. Let c be q/((-7)/98*1). Calculate the highest common divisor of c and 189.
63
Suppose 5*d = 5*r - 485 - 2010, -r = d - 509. Suppose -31*o + 27*o = a - 287, -4*a - 4 = 0. What is the greatest common divisor of o and r?
72
Suppose -4*n = -o - 3, 3*o = n - 3 - 6. Suppose 9*k - 18*k + 270 = n. Calculate the highest common divisor of k and 105.
15
Suppose 0 = -4*f - 0*j + 2*j + 8, 0 = 3*f + 4*j + 5. Let l(c) = 86*c**2 - c. Let t be l(f). What is the greatest common factor of t and 17?
1